t are the prime factors of 221904?
2, 3, 23, 67
What are the prime factors of 1813814?
2, 37, 127, 193
List the prime factors of 2014233.
3, 13, 51647
List the prime factors of 72860.
2, 5, 3643
List the prime factors of 531126.
2, 3, 19, 1553
What are the prime factors of 37612932?
2, 3, 7, 19, 23567
List the prime factors of 78506.
2, 17, 2309
List the prime factors of 2738258.
2, 17, 80537
List the prime factors of 192078.
2, 3, 3557
What are the prime factors of 944341?
61, 113, 137
What are the prime factors of 185316?
2, 3, 15443
What are the prime factors of 306433?
181, 1693
What are the prime factors of 31828271?
631, 50441
What are the prime factors of 28247419?
151, 187069
List the prime factors of 267088.
2, 16693
List the prime factors of 48457.
47, 1031
List the prime factors of 1919060.
2, 5, 11, 13, 61
What are the prime factors of 2115100?
2, 5, 13, 1627
What are the prime factors of 140530?
2, 5, 13, 23, 47
What are the prime factors of 1634038?
2, 7, 19, 6143
List the prime factors of 63080.
2, 5, 19, 83
What are the prime factors of 1843388?
2, 97, 4751
List the prime factors of 2013683.
7, 287669
What are the prime factors of 39669?
3, 7, 1889
What are the prime factors of 440916?
2, 3, 7, 29, 181
What are the prime factors of 2176050?
2, 3, 5, 89, 163
List the prime factors of 4074177.
3, 1358059
What are the prime factors of 7645563?
3, 17, 16657
List the prime factors of 27586300.
2, 5, 7, 39409
What are the prime factors of 291904?
2, 4561
What are the prime factors of 1756183?
11, 13, 12281
What are the prime factors of 1071619?
19, 56401
List the prime factors of 1559566.
2, 97, 8039
What are the prime factors of 2366333?
43, 113, 487
What are the prime factors of 327681?
3, 23, 1583
List the prime factors of 9252475.
5, 53, 6983
List the prime factors of 195761.
195761
What are the prime factors of 6136728?
2, 3, 13, 17, 89
List the prime factors of 1357880.
2, 5, 83, 409
What are the prime factors of 468701?
83, 5647
What are the prime factors of 3946962?
2, 3, 657827
What are the prime factors of 524808?
2, 3, 37, 197
What are the prime factors of 12443409?
3, 11, 41897
What are the prime factors of 6281902?
2, 11, 31, 61, 151
What are the prime factors of 477586?
2, 31, 7703
What are the prime factors of 2829535?
5, 565907
What are the prime factors of 11064840?
2, 3, 5, 19, 23, 211
List the prime factors of 206031.
3, 7, 9811
What are the prime factors of 1441541?
113, 12757
List the prime factors of 700630.
2, 5, 7, 10009
List the prime factors of 2829105.
3, 5, 62869
List the prime factors of 3773002.
2, 421, 4481
What are the prime factors of 752908?
2, 13, 14479
List the prime factors of 535816.
2, 66977
What are the prime factors of 7993989?
3, 61, 14561
List the prime factors of 5184254.
2, 31, 83617
List the prime factors of 131106.
2, 3, 21851
List the prime factors of 295120.
2, 5, 7, 17, 31
List the prime factors of 105705.
3, 5, 29
List the prime factors of 67615.
5, 13523
List the prime factors of 259770.
2, 3, 5, 7, 1237
What are the prime factors of 14926012?
2, 89, 41927
List the prime factors of 1258749.
3, 139861
List the prime factors of 2559104.
2, 19993
What are the prime factors of 163387?
7, 17, 1373
List the prime factors of 2487799.
167, 14897
What are the prime factors of 9396088?
2, 13, 167, 541
What are the prime factors of 6330309?
3, 2110103
List the prime factors of 2218762.
2, 7, 13, 73, 167
List the prime factors of 80041.
13, 47, 131
What are the prime factors of 11538573?
3, 3846191
What are the prime factors of 283596?
2, 3, 23633
What are the prime factors of 4199288?
2, 353, 1487
List the prime factors of 179637.
3, 59879
List the prime factors of 25560492.
2, 3, 31, 68711
List the prime factors of 3296781.
3, 13567
What are the prime factors of 936206?
2, 19, 71, 347
List the prime factors of 245151.
3, 27239
List the prime factors of 96683.
109, 887
What are the prime factors of 9217044?
2, 3, 31, 2753
List the prime factors of 220924.
2, 11, 5021
What are the prime factors of 160542?
2, 3, 991
List the prime factors of 1080523.
1080523
What are the prime factors of 10285170?
2, 3, 5, 7, 17, 43, 67
What are the prime factors of 947563?
17, 139, 401
What are the prime factors of 9996281?
109, 293, 313
List the prime factors of 378781.
13, 29137
What are the prime factors of 1760770?
2, 5, 11, 16007
What are the prime factors of 26385308?
2, 53, 124459
List the prime factors of 594152.
2, 13, 29, 197
What are the prime factors of 123272?
2, 19, 811
List the prime factors of 372812.
2, 11, 37, 229
What are the prime factors of 4657514?
2, 101, 23057
What are the prime factors of 1739927?
7, 23, 101, 107
List the prime factors of 16029875.
5, 128239
List the prime factors of 2786324.
2, 71, 9811
What are the prime factors of 1144537?
1144537
List the prime factors of 1786389.
3, 11, 54133
List the prime factors of 6700060.
2, 5, 521, 643
What are the prime factors of 1425231?
3, 158359
What are the prime factors of 14579231?
41, 355591
What are the prime factors of 1453412?
2, 587, 619
List the prime factors of 1253401.
1253401
List the prime factors of 84021.
3, 7, 4001
List the prime factors of 976727.
976727
What are the prime factors of 8814080?
2, 5, 11, 313
List the prime factors of 1055177.
43, 53, 463
What are the prime factors of 709577?
11, 251, 257
What are the prime factors of 43927?
13, 31, 109
What are the prime factors of 1154319?
3, 384773
What are the prime factors of 361580?
2, 5, 101, 179
What are the prime factors of 9755453?
43, 226871
What are the prime factors of 39862?
2, 19, 1049
List the prime factors of 9018482.
2, 11, 79, 5189
List the prime factors of 4823012.
2, 1205753
List the prime factors of 227475.
3, 5, 337
List the prime factors of 171965.
5, 163, 211
List the prime factors of 5544600.
2, 3, 5, 9241
What are the prime factors of 3375912?
2, 3, 140663
What are the prime factors of 4839939?
3, 13, 13789
What are the prime factors of 13691762?
2, 7, 23, 101, 421
List the prime factors of 23024523.
3, 19, 149, 2711
List the prime factors of 1482266.
2, 19, 2053
What are the prime factors of 1098231?
3, 366077
What are the prime factors of 476411?
13, 2819
What are the prime factors of 6157384?
2, 769673
List the prime factors of 13982496.
2, 3, 11, 13241
List the prime factors of 2122643.
59, 35977
What are the prime factors of 695051?
7, 31, 3203
What are the prime factors of 1726894?
2, 13, 17, 3907
What are the prime factors of 557111?
149, 3739
What are the prime factors of 5873855?
5, 13, 23, 3929
What are the prime factors of 16061051?
16061051
What are the prime factors of 17155030?
2, 5, 61, 28123
List the prime factors of 1077621.
3, 359207
List the prime factors of 287259.
3, 7, 13679
List the prime factors of 251888.
2, 7, 13, 173
What are the prime factors of 23502294?
2, 3, 359, 3637
List the prime factors of 1545814.
2, 772907
List the prime factors of 8851.
53, 167
List the prime factors of 268266.
2, 3, 44711
What are the prime factors of 5281770?
2, 3, 5, 13, 29, 467
What are the prime factors of 20190998?
2, 317, 31847
List the prime factors of 322404.
2, 3, 67, 401
List the prime factors of 1955126.
2, 41, 113, 211
What are the prime factors of 13708483?
23, 596021
What are the prime factors of 1985434?
2, 11, 90247
List the prime factors of 14897.
14897
List the prime factors of 958416.
2, 3, 41, 487
What are the prime factors of 348490?
2, 5, 34849
List the prime factors of 56777.
7, 8111
List the prime factors of 504304.
2, 43, 733
What are the prime factors of 9756?
2, 3, 271
List the prime factors of 4146364.
2, 199, 5209
List the prime factors of 612681.
3, 331, 617
What are the prime factors of 6489891?
3, 419, 1721
List the prime factors of 820515.
3, 5, 19, 2879
List the prime factors of 125769.
3, 7, 53, 113
What are the prime factors of 162199?
61, 2659
List the prime factors of 2699326.
2, 7, 23, 83, 101
List the prime factors of 17686588.
2, 43, 102829
List the prime factors of 11971399.
11, 1088309
What are the prime factors of 788408?
2, 139, 709
List the prime factors of 903589.
701, 1289
List the prime factors of 4141618.
2, 13, 159293
List the prime factors of 35779.
37, 967
List the prime factors of 178